a - -4. Suppose 0 = i - b*i - 12. Is i a multiple of 6?
True
Suppose 5*q + 59 + 190 = 4*c, 4*q = -2*c + 144. Does 24 divide c?
False
Suppose -3*i = -i - 36. Is 3 a factor of 192/i + (-2)/3?
False
Let k(w) = -w - 1. Let n(v) be the second derivative of -v**4/12 + v**3/2 + 15*v**2/2 + 3*v. Let o(p) = 4*k(p) + n(p). Does 11 divide o(0)?
True
Let s be ((-24)/28)/(3/(-420)). Suppose 0 = k + 2, -2*l = -0*k - k - 12. Suppose -129 = a - 5*a - l*y, 5*a - 2*y - s = 0. Does 15 divide a?
False
Let s(m) = -6*m + 3. Let n be s(5). Let b = 49 + n. Is 17 a factor of b?
False
Let c(r) = -r - 2. Let s be c(-5). Suppose -7 = -a + 3. Does 4 divide 8/12 + a/s?
True
Suppose 4*z + s = 106, s = -2*z + 3*s + 58. Is z a multiple of 3?
True
Suppose 2*f - 5 - 1 = 0. Suppose -n + 16 = f*n. Is 4 a factor of n?
True
Let j(v) = 40*v**3 - 3*v**2 + 1. Is j(1) a multiple of 11?
False
Is 16/10*(-325)/(-10) a multiple of 13?
True
Let f(i) = 6*i**2 + 7*i - 11*i - 4*i**2 + 2. Let z be f(4). Suppose -z = -3*d + 57. Is 14 a factor of d?
False
Suppose 0 = -3*o + 14 - 2. Let h(j) = -j**2 - 7*j - 6. Let t be h(-6). Suppose t = -s - o*s + 160. Is s a multiple of 16?
True
Suppose 0*p + 6*p = 1728. Does 48 divide p?
True
Let r(f) = 6 - 2*f + 5*f**3 - 12*f**3 - 2*f**2 + 9*f**3. Does 12 divide r(3)?
True
Suppose -3*d + 11 = -4. Suppose 33 - 123 = -d*c. Is c a multiple of 7?
False
Suppose -t - t = -42. Does 15 divide (6/5)/(t/560)?
False
Let w(r) = -r**2 + 4*r + 7. Suppose 4*z + 10 = 6*z. Let d be w(z). Suppose d = 4*t - 50. Is t a multiple of 5?
False
Let p be 14/10 - 6/(-10). Does 2 divide 21/(-6)*(p - 4)?
False
Suppose -l - 2*l = -168. Does 6 divide (-14)/(-35) - l/(-10)?
True
Suppose 0 = -4*p - 11 - 5. Let m be p/18 - 114/(-27). Suppose -r + 92 = 2*v, 0*r + 176 = m*v - 2*r. Is 18 a factor of v?
False
Let x = -127 + 190. Is 7 a factor of x?
True
Let f = 40 - 28. Is f a multiple of 12?
True
Suppose 3*j = -f - 2 + 14, -j + 4 = -f. Is j a multiple of 3?
False
Let l = -3 + 8. Suppose -4*z = 4*b - 64, -2*z = -l*b - 4 - 0. Does 7 divide z?
False
Suppose 75 = -10*u + 815. Does 4 divide u?
False
Let x(l) = l**3 + 2*l**2 - 3*l + 3. Let g be (-1)/5 + (-33)/(-15). Is x(g) a multiple of 5?
False
Let i = 929 + -598. Does 36 divide i?
False
Let k = -5 + 8. Suppose 5*y = k*i + 6, 0 = -4*i + 5*y - 3. Let j = 9 - i. Is j a multiple of 6?
True
Suppose 3*p + 13 = 3*q + 4*p, -19 = -5*q + p. Suppose -c - 5 = q*c. Does 5 divide 10 + 1 + c + 2?
False
Let o = 64 - 38. Let w = 64 - o. Does 19 divide w?
True
Let n(i) = -2*i**3 + 2. Let z be n(-2). Does 10 divide (z/(-3) + 1)*-5?
False
Let g = -29 + 43. Does 3 divide g?
False
Let d(j) = -j**3 + 6*j**2 - 2*j - 1. Let a(p) = p**2 - 3*p - 7. Let z be a(5). Is d(z) a multiple of 5?
True
Suppose 3*p + 330 = -6*n + n, 5*p - 164 = 3*n. Let h = 89 + n. Suppose 3*y - 2*i - 6 = -5*i, -3*y + 2*i + h = 0. Is y a multiple of 6?
True
Let j(c) be the first derivative of 3*c**2 + 9*c - 5. Does 22 divide j(8)?
False
Let x(y) = -2*y - 9. Let p be x(-7). Let l(n) = n**2 - 4*n - 1. Let w be l(p). Suppose -3*v + 116 = -w. Is 21 a factor of v?
False
Suppose -q = 4*q - 200. Let j be q/(1/(-6)*-4). Suppose -3*c - 2*b + j = 0, -2*c - 2*b + 45 = b. Does 7 divide c?
False
Let y(i) = 4*i**2 + 2*i - 1. Let c be y(1). Let u be 1 - 3 - (-4)/2. Suppose -o - 4*b + 2*b + 20 = u, -o - c*b + 35 = 0. Does 5 divide o?
True
Suppose 5*p - 4*z - 57 - 61 = 0, 38 = 2*p + 3*z. Is 14 a factor of p?
False
Let l(d) = 5*d**2 + 9*d + 24. Does 25 divide l(-6)?
True
Let x(v) = 10*v**2 - 15*v - 7. Let a(d) = 7*d**2 - 10*d - 5. Let r(i) = -7*a(i) + 5*x(i). Is r(8) a multiple of 8?
True
Suppose 0*v - 3*v = -5*h - 75, 0 = -4*v + 5*h + 105. Does 9 divide v?
False
Let o(z) be the third derivative of -z**4/24 + 8*z**3/3 - 3*z**2. Is o(0) a multiple of 8?
True
Let j be 16/12 + (-2)/(-3). Let v(i) = -1 + i + 15*i - 5*i. Does 13 divide v(j)?
False
Let o = -6 - -5. Is 3 + 0/o - -49 a multiple of 26?
True
Suppose 2*p + 0 = -8. Is (12 - 1) + 4 + p a multiple of 3?
False
Let i = 0 - -54. Does 27 divide i?
True
Suppose -252 - 68 = -4*s. Let z = s - 33. Suppose -137 = -4*d + z. Is 23 a factor of d?
True
Suppose -4*m + g = -27 - 6, -m = -g - 9. Suppose -4*z - 48 = -m*z. Is 7 a factor of z?
False
Does 9 divide (-3 - 2/4*-4) + 89?
False
Let y be (-132)/(-55)*160/3. Let k = y - 90. Is k a multiple of 13?
False
Suppose -194 = -5*k + 246. Does 18 divide k?
False
Let n(z) = z**3 - 3*z**2 - 7*z + 3. Let y = 20 + -9. Suppose 8 = 3*i + 2*p - 3, i - y = 3*p. Is 10 a factor of n(i)?
False
Let y(z) = -z**3 - 5*z**2 + z + 5. Let u(g) = g**3 - 6*g**2 - 2*g + 6. Let h be u(6). Let r be y(h). Is r/(-2)*4/(-5) a multiple of 12?
False
Let s(p) = p**3 - 17*p**2 - 18*p + 18. Is 6 a factor of s(18)?
True
Let q(n) = -n + 3. Let x be q(0). Suppose -5*a + 2*a = 24. Does 4 divide x/(2 + 13/a)?
True
Let r = 49 + -33. Is 10 a factor of r?
False
Suppose -2*p = -4*p + 252. Suppose -4*c + p = -c. Does 16 divide c?
False
Is 7 a factor of 4/(-16) + 532/16?
False
Let l = 28 - 10. Is l a multiple of 18?
True
Suppose 3*l + 4*k = 13, -4*k = 3*l - l - 10. Suppose -5*d + 41 = -l*q, -4*q - 13 = -5*q - 5*d. Let u = 7 - q. Is 14 a factor of u?
True
Let r be (0 - 0/(-2)) + 2. Suppose b + 2*c = 40, r*c = 4*b + c - 115. Is b a multiple of 15?
True
Let l(k) = -2 - 6*k + 3*k + 0*k + 2*k. Let u be l(-7). Suppose u*i - 12 = 13. Is 5 a factor of i?
True
Suppose 0 = -0*y + 2*y. Let a = 0 - y. Suppose 0*i - i + q + 6 = a, -4*i + 3*q = -23. Is i even?
False
Let z(a) = a**2 + 4. Suppose -5*p + 3 = -3*f, 3*p - f - 17 = -3*f. Does 7 divide z(p)?
False
Let l be (-1)/(-3) + (-104)/(-3). Suppose -45 = -4*s + l. Suppose 0 = 7*z - 2*z - s. Does 2 divide z?
True
Let g(z) = -z**3 - 4*z**2 + z - 1. Let l be g(-5). Suppose 1 + 10 = v. Let w = l - v. Is 4 a factor of w?
True
Let d(r) = -r**2 + r - 2. Suppose -4*k + 4 = -3*x - 3*k, 3*x + 3*k - 12 = 0. Let y be d(x). Is 9 + -1 + 2 + y a multiple of 4?
True
Let l(s) = -s**3 - 8*s**2 - 2*s - 10. Does 5 divide l(-8)?
False
Let t(r) = r - 4. Let v be t(4). Let k = v - -1. Is 4*k*10 + 0 a multiple of 14?
False
Let g(w) be the second derivative of -w**5/20 + 2*w**4/3 - 7*w**3/6 + 5*w**2/2 + 2*w. Is g(6) a multiple of 17?
False
Let k be (32/24)/(2/(-126)). Let i = -11 - k. Is 25 a factor of i?
False
Suppose 4*h + 5*q - 143 = 0, 5*q = -2*h + 56 + 23. Is h a multiple of 5?
False
Suppose l - 4 = -1. Suppose -4*t = -3*q - 683, 2*t - 5*q - 526 = -t. Suppose 5*g - 3*y = t, -25 = 4*g - l*y - 161. Is 15 a factor of g?
False
Let m = 3 - 3. Let v(p) = p + 74. Let g be v(m). Suppose 2*i + 4*a = g, 4*i + i - 110 = 5*a. Does 12 divide i?
False
Suppose -n = -0*n. Suppose n = -3*y - 2*y + 20. Suppose -14 - 14 = -y*h. Does 5 divide h?
False
Let m(f) = 14*f + 7. Let h(x) = -13*x - 8. Let c(t) = 4*h(t) + 5*m(t). Let y be c(4). Suppose 0 = -4*o - o + y. Is 8 a factor of o?
False
Suppose 5*l + 0*l = 215. Is l a multiple of 22?
False
Suppose -5*w - 47 = 108. Let h = 43 + w. Is 12 a factor of h?
True
Suppose 2*d + 317 = 3*g - 214, 4*g = -d + 697. Suppose 2*f - 5*x - g = 0, -3*x - 331 = -3*f - 64. Is ((-4)/(-6))/(12/f) a multiple of 2?
False
Let b(v) = 4*v + 3. Let j be b(4). Let o = 13 - j. Let i = o - -10. Is 2 a factor of i?
True
Let l(b) = b + 10. Let i be l(-8). Let g be i/(-8) + 26/8. Suppose 0 = -g*a - f + 56, 3*a = 3*f - 0*f + 36. Is a a multiple of 7?
False
Let v = -23 - -183. Does 32 divide v?
True
Let y be 1/2 - 39/(-2). Suppose -3*c + 4*d + y = 0, -4*c + 5*d - 2*d + 15 = 0. Suppose -4*q + 88 = 4*g, c = 5*g - 3*q - 175 + 73. Is 16 a factor of g?
False
Let s(k) = 5*k**2 - 7*k - 10. Is s(-4) a multiple of 38?
False
Let i(k) = -k**3 - k**2 + 8. Let w be i(0). Let d be (-104)/(-1) - 2/(-2). Does 13 divide (-2)/w - d/(-4)?
True
Let x(b) = -b**2 + 3*b. Let q be x(8). Does 8 divide 30/q + 262/8?
True
Let p = 0 + 5. Suppose 0 = p*l - 1 + 21. Is 6/l*8/(-6) even?
True
Does 16 divide (-5 - -7)/(1/24)?
True
Is 24*((-6)/(-2) - (-9)/12) a multiple of 9?
True
Let p(u) = -u + 2. Let j be p(4). Let k = 5 - j. Does 3 divide k?
False
Let w(d) = 3*d**2 - 2*d + 3. Let r be w(-4). Suppose -2*k + 7*k = -3*x + 62, 0 = -2*k - 10. Let l = r - x. Is 15 a factor of l?
True
Suppose -5*k + 0 = 5, 2*w - 153 = -k. Does 11 divide w?
True
Suppose -9*f - 92 = -11*f. Is f a multiple of 10?
False
I